{"id":151,"date":"2014-03-18T00:37:31","date_gmt":"2014-03-18T00:37:31","guid":{"rendered":"http:\/\/www.tcacontabil.com.br\/wordpress\/?page_id=151"},"modified":"2021-08-29T11:01:43","modified_gmt":"2021-08-29T14:01:43","slug":"links-uteis-3","status":"publish","type":"page","link":"http:\/\/www.tcacontabil.com.br\/wordpress\/links-uteis-3\/","title":{"rendered":"Links \u00dateis"},"content":{"rendered":"\n<p class=\"has-text-align-left\"><img loading=\"lazy\" decoding=\"async\" width=\"150\" height=\"75\" class=\"wp-image-1693\" style=\"width: 150px;\" src=\"http:\/\/www.tcacontabil.com.br\/wordpress\/wp-content\/uploads\/2021\/04\/download.jpeg\" alt=\"\" srcset=\"http:\/\/www.tcacontabil.com.br\/wordpress\/wp-content\/uploads\/2021\/04\/download.jpeg 318w, http:\/\/www.tcacontabil.com.br\/wordpress\/wp-content\/uploads\/2021\/04\/download-300x150.jpeg 300w, http:\/\/www.tcacontabil.com.br\/wordpress\/wp-content\/uploads\/2021\/04\/download-240x120.jpeg 240w\" sizes=\"auto, (max-width: 150px) 100vw, 150px\" \/>  <a rel=\"noreferrer noopener\" href=\"https:\/\/servicos.receita.fazenda.gov.br\/Servicos\/ConsRest\/Atual.app\/paginas\/index.asp\" target=\"_blank\"><span class=\"has-inline-color has-vivid-cyan-blue-color\">Consulta Restitui\u00e7\u00e3o IRPF 2021<\/span><\/a><\/p>\n\n\n\n<figure class=\"wp-block-table aligncenter\"><table><tbody><tr><td><strong>Federais<\/strong><\/td><td><strong>Estaduais<\/strong><\/td><td><strong>Trabalho e Provid\u00eancia<\/strong><\/td><\/tr><tr><td><a href=\"http:\/\/www.receita.fazenda.gov.br\/\" target=\"_blank\" rel=\"noreferrer noopener\">Receita Federal<\/a><\/td><td><a href=\"http:\/\/www.sefaz.es.gov.br\" target=\"_blank\" rel=\"noreferrer noopener\">Receita Estadual (Sefa)<\/a><\/td><td><a href=\"http:\/\/sal.receita.fazenda.gov.br\/PortalSalInternet\/faces\/pages\/index.xhtml\" target=\"_blank\" rel=\"noreferrer noopener\">Inss Dom\u00e9stica<\/a><\/td><\/tr><tr><td><a href=\"http:\/\/www.receita.fazenda.gov.br\/pessoajuridica\/cnpj\/cnpjreva\/cnpjreva_solicitacao.asp\" target=\"_blank\" rel=\"noreferrer noopener\">Emiss\u00e3o CNPJ<\/a><\/td><td><a href=\"http:\/\/www.tcacontabil.com.br\/wordpress\/wp-content\/uploads\/2014\/05\/deolhonoimposto.zip\" target=\"_blank\" rel=\"noreferrer noopener\">NCM + Manual<\/a><\/td><td><a href=\"https:\/\/extratoir.inss.gov.br\/irpf01\/pages\/consultarExtratoIR.xhtml\" target=\"_blank\" rel=\"noreferrer noopener\">Extrato IRPF (INSS)&nbsp;<\/a><\/td><\/tr><tr><td><a href=\"http:\/\/www.receita.fazenda.gov.br\/Aplicacoes\/ATCTA\/CPF\/ImpressaoComprovante\/ConsultaImpressao.asp\" target=\"_blank\" rel=\"noreferrer noopener\">Emiss\u00e3o CPF<\/a><\/td><td><a href=\"https:\/\/www.balancos.com\/home\/paginaInicial.brcont\" target=\"_blank\" rel=\"noreferrer noopener\">Consulta Incid\u00eancia&nbsp;Impostos<\/a><\/td><td><a href=\"http:\/\/sal.receita.fazenda.gov.br\/PortalSalInternet\/faces\/pages\/calcContribuicoesEmpresasEOrgaosPublicos\/inicio.xhtml\" target=\"_blank\" rel=\"noreferrer noopener\">Inss Empresa\u00a0<\/a><\/td><\/tr><tr><td><a href=\"http:\/\/www.receita.fazenda.gov.br\/Aplicacoes\/Atrjo\/ConsRest\/Atual.app\/paginas\/index.asp\" target=\"_blank\" rel=\"noopener noreferrer\">Consulta Restitui\u00e7\u00e3o IRPF<\/a><\/td><td>&nbsp;<\/td><td>&nbsp;<\/td><\/tr><\/tbody><\/table><\/figure>\n\n\n\n<p><\/p>\n<div class='share-to-whatsapp-wrapper'><div class='share-on-whsp'>Share on: <\/div><a data-text='Links \u00dateis' data-link='http:\/\/www.tcacontabil.com.br\/wordpress\/links-uteis-3\/' class='whatsapp-button whatsapp-share'>WhatsApp<\/a><div class='clear '><\/div><\/div><div id=\"wp_fb_like_button\" style=\"margin:5px 0;float:none;height:100px;\"><script src=\"http:\/\/connect.facebook.net\/en_US\/all.js#xfbml=1\"><\/script><fb:like href=\"http:\/\/www.tcacontabil.com.br\/wordpress\/links-uteis-3\/\" send=\"true\" layout=\"standard\" width=\"450\" show_faces=\"false\" font=\"arial\" action=\"like\" colorscheme=\"dark\"><\/fb:like><\/div>","protected":false},"excerpt":{"rendered":"<p>Consulta Restitui\u00e7\u00e3o IRPF 2021 Federais Estaduais Trabalho e Provid\u00eancia Receita Federal Receita Estadual (Sefa) Inss Dom\u00e9stica Emiss\u00e3o CNPJ NCM + Manual Extrato IRPF (INSS)&nbsp; Emiss\u00e3o CPF Consulta Incid\u00eancia&nbsp;Impostos Inss Empresa\u00a0 Consulta Restitui\u00e7\u00e3o IRPF &nbsp; &nbsp; Share on: WhatsApp<\/p>\n","protected":false},"author":1,"featured_media":0,"parent":0,"menu_order":0,"comment_status":"open","ping_status":"open","template":"","meta":{"footnotes":""},"class_list":["post-151","page","type-page","status-publish","hentry"],"_links":{"self":[{"href":"http:\/\/www.tcacontabil.com.br\/wordpress\/wp-json\/wp\/v2\/pages\/151","targetHints":{"allow":["GET"]}}],"collection":[{"href":"http:\/\/www.tcacontabil.com.br\/wordpress\/wp-json\/wp\/v2\/pages"}],"about":[{"href":"http:\/\/www.tcacontabil.com.br\/wordpress\/wp-json\/wp\/v2\/types\/page"}],"author":[{"embeddable":true,"href":"http:\/\/www.tcacontabil.com.br\/wordpress\/wp-json\/wp\/v2\/users\/1"}],"replies":[{"embeddable":true,"href":"http:\/\/www.tcacontabil.com.br\/wordpress\/wp-json\/wp\/v2\/comments?post=151"}],"version-history":[{"count":54,"href":"http:\/\/www.tcacontabil.com.br\/wordpress\/wp-json\/wp\/v2\/pages\/151\/revisions"}],"predecessor-version":[{"id":1823,"href":"http:\/\/www.tcacontabil.com.br\/wordpress\/wp-json\/wp\/v2\/pages\/151\/revisions\/1823"}],"wp:attachment":[{"href":"http:\/\/www.tcacontabil.com.br\/wordpress\/wp-json\/wp\/v2\/media?parent=151"}],"curies":[{"name":"wp","href":"https:\/\/api.w.org\/{rel}","templated":true}]}}